3?
15
What is the remainder when 180 is divided by 18?
0
Calculate the remainder when 22047 is divided by 16.
15
Calculate the remainder when 987 is divided by 25.
12
Calculate the remainder when 66 is divided by 62.
4
Calculate the remainder when 12034 is divided by 2.
0
What is the remainder when 635 is divided by 64?
59
Calculate the remainder when 1631 is divided by 96.
95
Calculate the remainder when 167 is divided by 34.
31
What is the remainder when 131 is divided by 23?
16
Calculate the remainder when 165 is divided by 83.
82
What is the remainder when 3124 is divided by 51?
13
Calculate the remainder when 114 is divided by 22.
4
What is the remainder when 1437 is divided by 473?
18
What is the remainder when 2857 is divided by 11?
8
What is the remainder when 889 is divided by 19?
15
Calculate the remainder when 201 is divided by 52.
45
What is the remainder when 243 is divided by 20?
3
Calculate the remainder when 130 is divided by 29.
14
Calculate the remainder when 629 is divided by 44.
13
What is the remainder when 246 is divided by 85?
76
Calculate the remainder when 14 is divided by 13.
1
What is the remainder when 30 is divided by 20?
10
What is the remainder when 73 is divided by 42?
31
What is the remainder when 637 is divided by 58?
57
Calculate the remainder when 1687 is divided by 130.
127
What is the remainder when 14 is divided by 3?
2
What is the remainder when 3299 is divided by 1095?
14
What is the remainder when 119 is divided by 50?
19
Calculate the remainder when 416 is divided by 134.
14
What is the remainder when 1574 is divided by 75?
74
Calculate the remainder when 6901 is divided by 7.
6
Calculate the remainder when 18046 is divided by 50.
46
What is the remainder when 52 is divided by 44?
8
Calculate the remainder when 35152 is divided by 14.
12
What is the remainder when 168 is divided by 19?
16
What is the remainder when 219 is divided by 41?
14
What is the remainder when 2850 is divided by 86?
12
Calculate the remainder when 67 is divided by 38.
29
What is the remainder when 422 is divided by 150?
122
What is the remainder when 379 is divided by 49?
36
What is the remainder when 1312 is divided by 14?
10
What is the remainder when 203 is divided by 68?
67
What is the remainder when 335 is divided by 75?
35
Calculate the remainder when 217 is divided by 38.
27
What is the remainder when 13 is divided by 3?
1
What is the remainder when 176 is divided by 42?
8
What is the remainder when 1615 is divided by 11?
9
What is the remainder when 47 is divided by 19?
9
Calculate the remainder when 95 is divided by 18.
5
What is the remainder when 798 is divided by 116?
102
Calculate the remainder when 29 is divided by 9.
2
What is the remainder when 128 is divided by 17?
9
What is the remainder when 923 is divided by 66?
65
Calculate the remainder when 402 is divided by 37.
32
What is the remainder when 290 is divided by 11?
4
What is the remainder when 759 is divided by 537?
222
What is the remainder when 767 is divided by 50?
17
What is the remainder when 359 is divided by 2?
1
Calculate the remainder when 834 is divided by 184.
98
What is the remainder when 188 is divided by 46?
4
Calculate the remainder when 2994 is divided by 27.
24
Calculate the remainder when 180 is divided by 7.
5
What is the remainder when 155 is divided by 140?
15
Calculate the remainder when 76 is divided by 41.
35
Calculate the remainder when 8513 is divided by 66.
65
What is the remainder when 21277 is divided by 16?
13
Calculate the remainder when 94 is divided by 45.
4
Calculate the remainder when 250 is divided by 98.
54
What is the remainder when 759 is divided by 250?
9
What is the remainder when 444 is divided by 32?
28
Calculate the remainder when 149 is divided by 27.
14
Calculate the remainder when 107 is divided by 37.
33
Calculate the remainder when 185 is divided by 62.
61
Calculate the remainder when 257 is divided by 36.
5
Calculate the remainder when 218 is divided by 45.
38
Calculate the remainder when 13341 is divided by 157.
153
What is the remainder when 105 is divided by 20?
5
Calculate the remainder when 38 is divided by 35.
3
What is the remainder when 107 is divided by 22?
19
What is the remainder when 9407 is divided by 24?
23
What is the remainder when 282 is divided by 41?
36
Calculate the remainder when 85 is divided by 70.
15
What is the remainder when 859 is divided by 5?
4
Calculate the remainder when 238 is divided by 81.
76
Calculate the remainder when 15659 is divided by 27.
26
Calculate the remainder when 921 is divided by 31.
22
What is the remainder when 760 is divided by 187?
12
What is the remainder when 4873 is divided by 39?
37
Calculate the remainder when 233 is divided by 13.
12
What is the remainder when 13818 is divided by 51?
48
Calculate the remainder when 60 is divided by 48.
12
Calculate the remainder when 214 is divided by 8.
6
Calculate the remainder when 12580 is divided by 23.
22
Calculate the remainder when 491 is divided by 45.
41
Calculate the remainder when 53 is divided by 16.
5
Calculate the remainder when 202 is divided by 29.
28
What is the remainder when 86 is divided by 41?
4
Calculate the remainder when 655 is divided by 25.
5
Calculate the remainder when 35 is divided by 15.
5
What is the remainder when 200 is divided by 114?
86
Calculate the remainder when 1802 is divided by 86.
82
What is the remainder when 173 is divided by 60?
53
Calculate the remainder when 321 is divided by 27.
24
Calculate the remainder when 1083 is divided by 213.
18
Calculate the remainder when 1238 is divided by 40.
38
Calculate the remainder when 411 is divided by 138.
135
What is the remainder when 417 is divided by 17?
9
What is the remainder when 109 is divided by 89?
20
What is the remainder when 203 is divided by 98?
7
Calculate the remainder when 43 is divided by 4.
3
What is the remainder when 747 is divided by 150?
147
Calculate the remainder when 61 is divided by 21.
19
What is the remainder when 382 is divided by 12?
10
Calculate the remainder when 307 is divided by 28.
27
Calculate the remainder when 1158 is divided by 247.
170
Calculate the remainder when 168 is divided by 90.
78
Calculate the remainder when 141 is divided by 109.
32
Calculate the remainder when 943 is divided by 63.
61
Calculate the remainder when 262 is divided by 12.
10
Calculate the remainder when 143 is divided by 29.
27
What is the remainder when 328 is divided by 42?
34
Calculate the remainder when 2198 is divided by 731.
5
Calculate the remainder when 308 is divided by 77.
0
What is the remainder when 2624 is divided by 35?
34
What is the remainder when 38 is divided by 7?
3
Calculate the remainder when 51 is divided by 30.
21
What is the remainder when 569 is divided by 19?
18
What is the remainder when 76 is divided by 11?
10
What is the remainder when 2908 is divided by 31?
25
What is the remainder when 297 is divided by 10?
7
What is the remainder when 850 is divided by 12?
10
Calculate the remainder when 375 is divided by 311.
64
What is the remainder when 5667 is divided by 6?
3
Calculate the remainder when 1356 is divided by 678.
0
What is the remainder when 15 is divided by 8?
7
What is the remainder when 1998 is divided by 153?
9
What is the remainder when 532 is divided by 194?
144
Calculate the remainder when 1321 is divided by 95.
86
Calculate the remainder when 18874 is divided by 25.
24
Calculate the remainder when 501 is divided by 491.
10
Calculate the remainder when 191 is divided by 154.
37
Calculate the remainder when 804 is divided by 16.
4
What is the remainder when 1463 is divided by 207?
14
What is the remainder when 567 is divided by 143?
138
Calculate the remainder when 2474 is divided by 824.
2
Calculate the remainder when 1088 is divided by 111.
89
What is the remainder when 225 is divided by 76?
73
Calculate the remainder when 1358 is divided by 9.
8
Calculate the remainder when 1068 is divided by 21.
18
What is the remainder when 134 is divided by 71?
63
What is the remainder when 328 is divided by 6?
4
Calculate the remainder when 979 is divided by 30.
19
What is the remainder when 740 is divided by 138?
50
What is the remainder when 463 is divided by 13?
8
What is the remainde